-53 - -3315641?
3315577
In base 7, what is 45460211 - -3?
45460214
In base 4, what is -331222312 + 11032?
-331211220
In base 13, what is 351c + 6b24?
a343
In base 13, what is -52875260 + -5?
-52875265
In base 6, what is -2 + 53021501?
53021455
In base 10, what is -19317 + 7242?
-12075
In base 10, what is 222103776 + -3?
222103773
In base 16, what is aebbc + -c9?
aeaf3
In base 16, what is 1c34 + -202?
1a32
In base 9, what is 13 - -4217776?
4217800
In base 4, what is -23313 + 313320233?
313230320
In base 16, what is 4759f8 + -8?
4759f0
In base 9, what is -602285 - 32?
-602327
In base 14, what is -bb - -1d069?
1cd8c
In base 11, what is -3285808 - -a?
-32857a9
In base 13, what is 3b57 + -26?
3b31
In base 4, what is 10231 - -11323030?
11333321
In base 16, what is c06 + e0f?
1a15
In base 6, what is 1334 + 242514?
244252
In base 16, what is -533 + 946?
413
In base 11, what is -2513a5 + -2?
-2513a7
In base 8, what is 2 - 154747453?
-154747451
In base 7, what is 151 - 403006?
-402525
In base 5, what is -10 + 400423142?
400423132
In base 9, what is 167 - 165755?
-165577
In base 7, what is -43412640 - 133?
-43413103
In base 3, what is 221121 - -22112?
1021010
In base 4, what is 1301331 - -22201?
1330132
In base 8, what is -666755 - 174?
-667151
In base 3, what is -112 - 11101012010202?
-11101012011021
In base 6, what is -1 + 15021030221?
15021030220
In base 10, what is -11 - 9957179?
-9957190
In base 12, what is -16 + -49ba8?
-4a002
In base 7, what is -1 + 44050665?
44050664
In base 12, what is 178a2a - 87?
178963
In base 7, what is 454232 + -1156?
453043
In base 4, what is -103213213220232 - 3?
-103213213220301
In base 16, what is 1 + 85c39e?
85c39f
In base 9, what is -26 - -1376463?
1376436
In base 13, what is 2 + -853aa?
-853a8
In base 3, what is 1222200 + -1211022022?
-1202022122
In base 7, what is -5056351 - 246?
-5056630
In base 8, what is -15553244 - 15?
-15553261
In base 15, what is 16 - 99b6?
-99a0
In base 15, what is -86dc + 3a51?
-4b8b
In base 2, what is -101 - -100110000001000000001111011?
100110000001000000001110110
In base 4, what is -310233 + -102232103?
-103203002
In base 12, what is 463b2 + 23b?
46631
In base 10, what is 13619 - 7458?
6161
In base 11, what is 9243 - -2502?
10745
In base 8, what is -1622566 - 16?
-1622604
In base 7, what is -4 + -3260041114?
-3260041121
In base 14, what is 102211 + -2bd?
101d32
In base 7, what is 1 - 4143460?
-4143456
In base 11, what is -8 + -5141886?
-5141893
In base 4, what is -2 - -312303211030?
312303211022
In base 12, what is -73257 - 9?
-73264
In base 11, what is -18476147 - 4?
-18476150
In base 4, what is 10023022 + 2223?
10031311
In base 8, what is 0 - 104055761?
-104055761
In base 13, what is -1243 - -1432b5?
142072
In base 10, what is 282 + -540542?
-540260
In base 10, what is -271329523 - -1?
-271329522
In base 6, what is 11044042110 + 0?
11044042110
In base 5, what is -142 - -11023132?
11022440
In base 3, what is -12 - 2112122201101?
-2112122201120
In base 15, what is 4d9 - 1d037?
-1ca4d
In base 10, what is 3805430 + 0?
3805430
In base 5, what is -31212102 + 101?
-31212001
In base 10, what is 5 - 34489130?
-34489125
In base 2, what is -10 - -10111000101111101011001?
10111000101111101010111
In base 16, what is a1a2 + -6d?
a135
In base 5, what is 210313013 + 302?
210313320
In base 8, what is -22545 - 20044?
-42611
In base 11, what is 4 + -4a62432?
-4a62429
In base 6, what is 2 + -1214325532?
-1214325530
In base 9, what is -17776587 + -1?
-17776588
In base 14, what is -9d65 + -d9?
-a060
In base 13, what is 366837 + 3?
36683a
In base 15, what is -73a0c8 - -4?
-73a0c4
In base 3, what is 112020001 + -2002122?
110010102
In base 11, what is 11413 + 2013?
13426
In base 10, what is 4 - -56396148?
56396152
In base 4, what is 12330121011 + -3121?
12330111230
In base 10, what is 156410707 + 5?
156410712
In base 16, what is dae - 815c?
-73ae
In base 14, what is -7429 + -524?
-794d
In base 10, what is 866898 + 17?
866915
In base 4, what is -230 - 3211322?
-3212212
In base 6, what is -13 - -22120241?
22120224
In base 14, what is -d7158 + -1?
-d7159
In base 10, what is -335517 - 31?
-335548
In base 6, what is 3 + 12245014023?
12245014030
In base 3, what is 1011022 + 121200112100?
121201200122
In base 15, what is 1e9d618 + 8?
1e9d621
In base 10, what is 178 + -152167?
-151989
In base 13, what is -17c52275 + 3?
-17c52272
In base 14, what is 34 - 45871?
-4583b
In base 6, what is 110300352 - 5?
110300343
In base 9, what is -4 + -84547?
-84552
In base 8, what is -2123 - -140404?
136261
In base 14, what is 1293a3 + 7?
1293aa
In base 6, what is 1152112 + 313?
1152425
In base 4, what is 12320 - -21221033?
21300013
In base 14, what is -213dcb - -95?
-213d36
In base 6, what is -21255150354 + 2?
-21255150352
In base 8, what is -273131 + -13?
-273144
In base 11, what is -15846759 - -1?
-15846758
In base 8, what is 74664 - 2376?
72266
In base 3, what is 20222220211101 + -10221?
20222220200110
In base 2, what is -1 - 1100000000010011011111?
-1100000000010011100000
In base 3, what is -211202 - 2122011202201?
-2122012121110
In base 5, what is 21431 + -1010?
20421
In base 4, what is -23102 - 2130011?
-2213113
In base 2, what is 10010 + 1001010100111001?
1001010101001011
In base 6, what is 100522410 - 141?
100522225
In base 13, what is -9720394 + 5?
-972038c
In base 9, what is 4 + -4686116?
-4686112
In base 9, what is -14 + -85373553?
-85373567
In base 15, what is -52 - a75c?
-a7ae
In base 9, what is 126 + -123757?
-123631
In base 16, what is -9 - 420d72?
-420d7b
In base 13, what is -a0927 - -19?
-a090b
In base 3, what is -11000010211222 - -22200?
-11000010112022
In base 15, what is 8751394 + 5?
8751399
In base 2, what is -1100010110001011 + -110001111?
-1100011100011010
In base 15, what is -4690 - -1487?
-3208
In base 13, what is 114207 - -2c6?
114500
In base 2, what is -110110011 - 10011000011?
-11001110110
In base 15, what is -27990 - -b?
-27984
In base 12, what is -1a6 + 24548?
24362
In base 5, what is 123 + 24123202?
24123330
In base 16, what is 2cc629 - 15?
2cc614
In base 7, what is 6465501023 + -4?
6465501016
In base 12, what is 0 - 11a9bb30?
-11a9bb30
In base 16, what is 2b0 + 3e8?
698
In base 15, what is -2214 - 451?
-2665
In base 14, what is -6 + -1b693ad?
-1b693b5
In base 11, what is 40a5 + a047?
13141
In base 12, what is -16b4 - 750?
-2244
In base 5, what is -112123120 + 1331?
-112121234
In base 5, what is -401002423134 + -2?
-401002423141
In base 15, what is 52770 + -1e?
52751
In base 12, what is -5 - 3b4b683?
-3b4b688
In base 10, what is -129 + 201543?
201414
In base 10, what is -50458 - 440?
-50898
In base 12, what is -1 + 182849?
182848
In base 7, what is 15534 + -15264?
240
In base 7, what is 222 - -301435?
301660
In base 11, what is -1301 + 84675?
83374
In base 11, what is -1a257 - 35a?
-1a606
In base 15, what is 729b27e - 1?
729b27d
In base 11, what is 27a369 + -232?
27a137
In base 14, what is -3 + -2dd94b4?
-2dd94b7
In base 12, what is -9a74 - 1985?
-b839
In base 9, what is 12304 - 30527?
-17223
In base 13, what is 13713 + 69?
1377c
In base 9, what is 25178806 - -6?
25178813
In base 2, what is -100110 - -1001001101011010110?
1001001101010110000
In base 11, what is -2 - 56087a21?
-56087a23
In base 8, what is -1400 + -3375614?
-3377214
In base 9, what is -170761 - -2201?
-167560
In base 16, what is 1b41161 - -5?
1b41166
In base 2, what is 111111010011000000010 - 1011110?
111111010010110100100
In base 6, what is -551324 + -51340?
-1043104
In base 3, what is 2 - -20002111002102022?
20002111002102101
In base 16, what is 786 + -d9ac?
-d226
In base 5, what is -211 - -1303342131?
1303341420
In base 4, what is -1210220020221 + -13?
-1210220020300
In base 8, what is -1 + -641313740?
-641313741
In base 16, what is 2bbe24 - 0?
2bbe24
In base 10, what is 9 + 1229060?
1229069
In base 16, what is -db + -45c0b?
-45ce6
In base 3, what is -10102212010021 - 20222?
-10102212101020
In base 9, what is 5478 + -5114?
364
In base 12, what is 32816 + 421?
33037
In base 16, what is -102d - 23a5?
-33d2
In base 9, what is -4 - -510252?
510247
In base 13, what is 5 - -a62a61?
a62a66
In base 15, what is ad57698 + -5?
ad57693
In base 7, what is 205125456 - -22?
205125511
In base 16, what is -774b9 + 6?
-774b3
In base 13, what is 4b24